{"id":211,"date":"2021-07-14T06:23:51","date_gmt":"2021-07-14T06:23:51","guid":{"rendered":"https:\/\/bridge490.qodeinteractive.com\/?page_id=211"},"modified":"2024-12-26T16:38:47","modified_gmt":"2024-12-26T15:38:47","slug":"nosotros","status":"publish","type":"page","link":"https:\/\/marviajes.com.py\/index.php\/nosotros\/","title":{"rendered":"NOSOTROS"},"content":{"rendered":"\t\t<div data-elementor-type=\"wp-page\" data-elementor-id=\"211\" class=\"elementor elementor-211\">\n\t\t\t\t\t\t<section class=\"elementor-section elementor-top-section elementor-element elementor-element-65240b38 elementor-section-full_width qode_elementor_container_inner elementor-section-height-default elementor-section-height-default parallax_section_no\" data-id=\"65240b38\" data-element_type=\"section\" data-e-type=\"section\">\n\t\t\t\t\t\t<div class=\"elementor-container elementor-column-gap-default\">\n\t\t\t\t\t<div class=\"elementor-column elementor-col-33 elementor-top-column elementor-element elementor-element-75385fd2\" data-id=\"75385fd2\" data-element_type=\"column\" data-e-type=\"column\">\n\t\t\t<div class=\"elementor-widget-wrap elementor-element-populated\">\n\t\t\t\t\t\t<div class=\"elementor-element elementor-element-38524b2e elementor-widget elementor-widget-heading\" data-id=\"38524b2e\" data-element_type=\"widget\" data-e-type=\"widget\" data-widget_type=\"heading.default\">\n\t\t\t\t<div class=\"elementor-widget-container\">\n\t\t\t\t\t<h3 class=\"elementor-heading-title elementor-size-default\">Agencia de viajes y turismo en Paraguay.<\/h3>\t\t\t\t<\/div>\n\t\t\t\t<\/div>\n\t\t\t\t<div class=\"elementor-element elementor-element-55bead96 elementor-widget elementor-widget-spacer\" data-id=\"55bead96\" data-element_type=\"widget\" data-e-type=\"widget\" data-widget_type=\"spacer.default\">\n\t\t\t\t<div class=\"elementor-widget-container\">\n\t\t\t\t\t\t\t<div class=\"elementor-spacer\">\n\t\t\t<div class=\"elementor-spacer-inner\"><\/div>\n\t\t<\/div>\n\t\t\t\t\t\t<\/div>\n\t\t\t\t<\/div>\n\t\t\t\t<div class=\"elementor-element elementor-element-2ec5a007 elementor-widget elementor-widget-text-editor\" data-id=\"2ec5a007\" data-element_type=\"widget\" data-e-type=\"widget\" data-widget_type=\"text-editor.default\">\n\t\t\t\t<div class=\"elementor-widget-container\">\n\t\t\t\t\t\t\t\t\t<p style=\"text-align: justify;\">\u00a1Bienvenidos a MAR VIAJES,\u00a0 donde nos apasiona explorar las mejores opciones para conocer el mundo y queremos compartir esa pasi\u00f3n contigo. En nuestra agencia, nos esforzamos por ofrecer experiencias \u00fanicas y personalizadas para cada uno de nuestros clientes.<\/p><p style=\"text-align: justify;\">Ya sea que est\u00e9s buscando unas vacaciones relajantes en la playa, una aventura llena de emociones en la naturaleza o una inmersi\u00f3n cultural en una ciudad vibrante, tenemos el viaje perfecto para ti.<\/p><p>\u00a0<\/p><p style=\"text-align: justify;\">Trabajamos con los mejores proveedores de servicios tur\u00edsticos locales e internacionales, para asi poder garantizar la m\u00e1s alta calidad en cada aspecto de tu viaje, desde la reserva de vuelos y hoteles hasta las excursiones y actividades en destino. Adem\u00e1s, nuestro equipo de expertos en viajes estar\u00e1 a tu disposici\u00f3n en todo momento para asesorarte y brindarte el mejor servicio.<\/p>\t\t\t\t\t\t\t\t<\/div>\n\t\t\t\t<\/div>\n\t\t\t\t\t<\/div>\n\t\t<\/div>\n\t\t\t\t<div class=\"elementor-column elementor-col-66 elementor-top-column elementor-element elementor-element-f0be64a\" data-id=\"f0be64a\" data-element_type=\"column\" data-e-type=\"column\">\n\t\t\t<div class=\"elementor-widget-wrap elementor-element-populated\">\n\t\t\t\t\t\t<div class=\"elementor-element elementor-element-8f152f0 elementor-widget elementor-widget-image\" data-id=\"8f152f0\" data-element_type=\"widget\" data-e-type=\"widget\" data-widget_type=\"image.default\">\n\t\t\t\t<div class=\"elementor-widget-container\">\n\t\t\t\t\t\t\t\t\t\t\t\t\t\t\t<img fetchpriority=\"high\" decoding=\"async\" width=\"570\" height=\"570\" src=\"https:\/\/i0.wp.com\/marviajes.com.py\/wp-content\/uploads\/2024\/12\/travel.webp?resize=570%2C570&amp;ssl=1\" class=\"attachment-portfolio-square size-portfolio-square wp-image-563\" alt=\"travel\" srcset=\"https:\/\/i0.wp.com\/marviajes.com.py\/wp-content\/uploads\/2024\/12\/travel.webp?w=750&amp;ssl=1 750w, https:\/\/i0.wp.com\/marviajes.com.py\/wp-content\/uploads\/2024\/12\/travel.webp?resize=300%2C300&amp;ssl=1 300w, https:\/\/i0.wp.com\/marviajes.com.py\/wp-content\/uploads\/2024\/12\/travel.webp?resize=150%2C150&amp;ssl=1 150w, https:\/\/i0.wp.com\/marviajes.com.py\/wp-content\/uploads\/2024\/12\/travel.webp?resize=570%2C570&amp;ssl=1 570w, https:\/\/i0.wp.com\/marviajes.com.py\/wp-content\/uploads\/2024\/12\/travel.webp?w=500&amp;ssl=1 500w, https:\/\/i0.wp.com\/marviajes.com.py\/wp-content\/uploads\/2024\/12\/travel.webp?resize=700%2C700&amp;ssl=1 700w, https:\/\/i0.wp.com\/marviajes.com.py\/wp-content\/uploads\/2024\/12\/travel.webp?resize=650%2C650&amp;ssl=1 650w, https:\/\/i0.wp.com\/marviajes.com.py\/wp-content\/uploads\/2024\/12\/travel.webp?w=400&amp;ssl=1 400w\" sizes=\"(max-width: 570px) 100vw, 570px\" \/>\t\t\t\t\t\t\t\t\t\t\t\t\t\t\t<\/div>\n\t\t\t\t<\/div>\n\t\t\t\t\t<\/div>\n\t\t<\/div>\n\t\t\t\t\t<\/div>\n\t\t<\/section>\n\t\t<div class=\"elementor-element elementor-element-c275b8a e-flex e-con-boxed parallax_section_no qode_elementor_container_no e-con e-parent\" data-id=\"c275b8a\" data-element_type=\"container\" data-e-type=\"container\">\n\t\t\t\t\t<div class=\"e-con-inner\">\n\t\t\t\t<div class=\"elementor-element elementor-element-9ee1d50 elementor-widget elementor-widget-text-editor\" data-id=\"9ee1d50\" data-element_type=\"widget\" data-e-type=\"widget\" data-widget_type=\"text-editor.default\">\n\t\t\t\t<div class=\"elementor-widget-container\">\n\t\t\t\t\t\t\t\t\t<p style=\"text-align: justify;\">Las agencias de viajes act\u00faan como intermediarias entre los turistas y los proveedores de servicios, como aerol\u00edneas, hoteles, rutas tur\u00edsticas, museos y actividades.<\/p><p style=\"text-align: justify;\">A lo largo de estos casi 14 a\u00f1os, nos hemos caracterizado por el trato impecable y acompa\u00f1amiento a los pasajeros que han viajado con nosotros. Tenemos la misi\u00f3n de que el pasajero que viaje con Mar Viajes vuelva una y otra vez a contratarnos como Agencia y lo hemos podido lograr a lo largo de estos a\u00f1os.\u00a0<\/p>\t\t\t\t\t\t\t\t<\/div>\n\t\t\t\t<\/div>\n\t\t\t\t\t<\/div>\n\t\t\t\t<\/div>\n\t\t<div class=\"elementor-element elementor-element-be3f502 e-flex e-con-boxed parallax_section_no qode_elementor_container_no e-con e-parent\" data-id=\"be3f502\" data-element_type=\"container\" data-e-type=\"container\" data-settings=\"{&quot;background_background&quot;:&quot;classic&quot;}\">\n\t\t\t\t\t<div class=\"e-con-inner\">\n\t\t<div class=\"elementor-element elementor-element-44823c4 e-con-full e-flex parallax_section_no qode_elementor_container_no e-con e-child\" data-id=\"44823c4\" data-element_type=\"container\" data-e-type=\"container\">\n\t\t\t\t<\/div>\n\t\t<div class=\"elementor-element elementor-element-a8a6a6a e-con-full e-flex parallax_section_no qode_elementor_container_no e-con e-child\" data-id=\"a8a6a6a\" data-element_type=\"container\" data-e-type=\"container\">\n\t\t\t\t<div class=\"elementor-element elementor-element-11aeae8 elementor-widget elementor-widget-qi_addons_for_elementor_section_title\" data-id=\"11aeae8\" data-element_type=\"widget\" data-e-type=\"widget\" data-widget_type=\"qi_addons_for_elementor_section_title.default\">\n\t\t\t\t<div class=\"elementor-widget-container\">\n\t\t\t\t\t<div class=\"qodef-shortcode qodef-m qodef-qi-section-title qodef-decoration--italic qodef-link--underline-draw qodef-subtitle-icon--left\">\n\t\t\t\t<h5 class=\"qodef-m-subtitle\">\n\t\tCompromiso &amp; Calidad\t\t\t<\/h5>\n\t\t\t<h2 class=\"qodef-m-title\">\n\t\tMISI\u00f3N\t<\/h2>\n\t\t\t<div class=\"qodef-m-text\"><p style=\"text-align: justify\">\u2022 Ser reconocida por la calidad humana en la atenci\u00f3n<br \/>\u2022 Ofrecer experiencias de viaje personalizadas y \u00fanicas<br \/>\u2022 Obtener para los clientes la mejor relaci\u00f3n costo\/beneficio<br \/>\u2022 Ofrecer un servicio personalizado de calidad y confiabilidad<br \/>\u2022 Ayudar a la gente y a las empresas a viajar de manera inteligente<br \/>\u2022 Garantizar la seguridad y confianza de los productos y servicios<br \/>\u2022 Generar seguridad y atender las necesidades de los clientes<br \/>\u2022 Dise\u00f1ar y ofrecer viajes a medida que superen las expectativas de los clientes<\/p><\/div>\n\t<\/div>\n\t\t\t\t<\/div>\n\t\t\t\t<\/div>\n\t\t\t\t<\/div>\n\t\t<div class=\"elementor-element elementor-element-7d5ea52 e-con-full e-flex parallax_section_no qode_elementor_container_no e-con e-child\" data-id=\"7d5ea52\" data-element_type=\"container\" data-e-type=\"container\">\n\t\t\t\t<div class=\"elementor-element elementor-element-05656f6 elementor-widget elementor-widget-qi_addons_for_elementor_section_title\" data-id=\"05656f6\" data-element_type=\"widget\" data-e-type=\"widget\" data-widget_type=\"qi_addons_for_elementor_section_title.default\">\n\t\t\t\t<div class=\"elementor-widget-container\">\n\t\t\t\t\t<div class=\"qodef-shortcode qodef-m qodef-qi-section-title qodef-decoration--italic qodef-link--underline-draw qodef-subtitle-icon--left\">\n\t\t\t\t<h5 class=\"qodef-m-subtitle\">\n\t\tNuestra\t\t\t<\/h5>\n\t\t\t<h2 class=\"qodef-m-title\">\n\t\tVISI\u00d3N\t<\/h2>\n\t\t\t<div class=\"qodef-m-text\"><ul><li style=\"text-align: justify\">Garantizar el respaldo antes, durante y despu\u00e9s del viaje<\/li><li style=\"text-align: justify\">Superar las expectativas de los clientes<\/li><li style=\"text-align: justify\">Ofrecer experiencias de viaje excepcionales<\/li><li style=\"text-align: justify\">Ser reconocidos como el mejor referente para viajes de lujo<\/li><li style=\"text-align: justify\">Ser un asesor de confianza para los clientes<\/li><\/ul><\/div>\n\t<\/div>\n\t\t\t\t<\/div>\n\t\t\t\t<\/div>\n\t\t\t\t<\/div>\n\t\t<div class=\"elementor-element elementor-element-bb5c1ad e-con-full e-flex parallax_section_no qode_elementor_container_no e-con e-child\" data-id=\"bb5c1ad\" data-element_type=\"container\" data-e-type=\"container\">\n\t\t\t\t<\/div>\n\t\t\t\t\t<\/div>\n\t\t\t\t<\/div>\n\t\t<div class=\"elementor-element elementor-element-7ec8166 e-con-full e-flex parallax_section_no qode_elementor_container_no e-con e-parent\" data-id=\"7ec8166\" data-element_type=\"container\" data-e-type=\"container\" data-settings=\"{&quot;background_background&quot;:&quot;classic&quot;}\">\n\t\t\t\t<\/div>\n\t\t\t\t<\/div>\n\t\t","protected":false},"excerpt":{"rendered":"<p>Agencia de viajes y turismo en Paraguay. \u00a1Bienvenidos a MAR VIAJES,\u00a0 donde nos apasiona explorar las mejores opciones para conocer el mundo y queremos compartir esa pasi\u00f3n contigo. En nuestra agencia, nos esforzamos por ofrecer experiencias \u00fanicas y personalizadas para cada uno de nuestros clientes&#8230;.<\/p>\n","protected":false},"author":1,"featured_media":618,"parent":0,"menu_order":0,"comment_status":"closed","ping_status":"closed","template":"full_width.php","meta":{"footnotes":""},"class_list":["post-211","page","type-page","status-publish","has-post-thumbnail","hentry"],"_links":{"self":[{"href":"https:\/\/marviajes.com.py\/index.php\/wp-json\/wp\/v2\/pages\/211","targetHints":{"allow":["GET"]}}],"collection":[{"href":"https:\/\/marviajes.com.py\/index.php\/wp-json\/wp\/v2\/pages"}],"about":[{"href":"https:\/\/marviajes.com.py\/index.php\/wp-json\/wp\/v2\/types\/page"}],"author":[{"embeddable":true,"href":"https:\/\/marviajes.com.py\/index.php\/wp-json\/wp\/v2\/users\/1"}],"replies":[{"embeddable":true,"href":"https:\/\/marviajes.com.py\/index.php\/wp-json\/wp\/v2\/comments?post=211"}],"version-history":[{"count":162,"href":"https:\/\/marviajes.com.py\/index.php\/wp-json\/wp\/v2\/pages\/211\/revisions"}],"predecessor-version":[{"id":1006,"href":"https:\/\/marviajes.com.py\/index.php\/wp-json\/wp\/v2\/pages\/211\/revisions\/1006"}],"wp:featuredmedia":[{"embeddable":true,"href":"https:\/\/marviajes.com.py\/index.php\/wp-json\/wp\/v2\/media\/618"}],"wp:attachment":[{"href":"https:\/\/marviajes.com.py\/index.php\/wp-json\/wp\/v2\/media?parent=211"}],"curies":[{"name":"wp","href":"https:\/\/api.w.org\/{rel}","templated":true}]}}