{"id":1077,"date":"2024-12-18T13:01:44","date_gmt":"2024-12-18T12:01:44","guid":{"rendered":"https:\/\/marviajes.com.py\/?page_id=1077"},"modified":"2025-01-10T13:19:30","modified_gmt":"2025-01-10T12:19:30","slug":"brasil-terrestre","status":"publish","type":"page","link":"https:\/\/marviajes.com.py\/index.php\/destinos\/brasil\/brasil-terrestre\/","title":{"rendered":"BRASIL &#8211; Terrestre"},"content":{"rendered":"\t\t<div data-elementor-type=\"wp-page\" data-elementor-id=\"1077\" class=\"elementor elementor-1077\">\n\t\t\t\t<div class=\"elementor-element elementor-element-667483e e-flex e-con-boxed parallax_section_no qode_elementor_container_no e-con e-parent\" data-id=\"667483e\" data-element_type=\"container\" data-e-type=\"container\">\n\t\t\t\t\t<div class=\"e-con-inner\">\n\t\t<div class=\"elementor-element elementor-element-f274459 e-con-full e-flex parallax_section_no qode_elementor_container_no e-con e-child\" data-id=\"f274459\" data-element_type=\"container\" data-e-type=\"container\">\n\t\t\t\t<\/div>\n\t\t<div class=\"elementor-element elementor-element-9ebb0c1 e-con-full e-flex parallax_section_no qode_elementor_container_no e-con e-child\" data-id=\"9ebb0c1\" data-element_type=\"container\" data-e-type=\"container\">\n\t\t\t\t<div class=\"elementor-element elementor-element-fd653ba elementor-widget elementor-widget-qi_addons_for_elementor_section_title\" data-id=\"fd653ba\" data-element_type=\"widget\" data-e-type=\"widget\" data-widget_type=\"qi_addons_for_elementor_section_title.default\">\n\t\t\t\t<div class=\"elementor-widget-container\">\n\t\t\t\t\t<div class=\"qodef-shortcode qodef-m qodef-qi-section-title qodef-decoration--italic qodef-link--underline-draw qodef-subtitle-icon--left\">\n\t\t\t\t<h5 class=\"qodef-m-subtitle\">\n\t\ttu pr\u00f3ximo viaje a las playas de\t\t\t<\/h5>\n\t\t\t<h2 class=\"qodef-m-title\">\n\t\tBRASIL vi\u00eda Terrestre \ud83d\ude8c\t<\/h2>\n\t\t\t<div class=\"qodef-m-text\"><p style=\"text-align: justify\">Viajar a las playas de <a href=\"https:\/\/marviajes.com.py\/index.php\/destinos\/brasil\/\"><strong>Brasil<\/strong><\/a> es una experiencia inolvidable. Con nuestra agencia de viajes, te llevaremos a conocer algunas de las playas m\u00e1s hermosas y famosas de este maravilloso pa\u00eds. Desde las playas de Copacabana en R\u00edo de Janeiro, hasta las paradis\u00edacas playas del nordeste, te garantamos unas vacaciones llenas de sol, arena y diversi\u00f3n!<\/p><\/div>\n\t<\/div>\n\t\t\t\t<\/div>\n\t\t\t\t<\/div>\n\t\t\t\t<\/div>\n\t\t<div class=\"elementor-element elementor-element-ba2937a e-con-full e-flex parallax_section_no qode_elementor_container_no e-con e-child\" data-id=\"ba2937a\" data-element_type=\"container\" data-e-type=\"container\">\n\t\t\t\t<\/div>\n\t\t\t\t\t<\/div>\n\t\t\t\t<\/div>\n\t\t<div class=\"elementor-element elementor-element-10e15ca e-flex e-con-boxed parallax_section_no qode_elementor_container_no e-con e-parent\" data-id=\"10e15ca\" data-element_type=\"container\" data-e-type=\"container\">\n\t\t\t\t\t<div class=\"e-con-inner\">\n\t\t<div class=\"elementor-element elementor-element-8984a77 e-con-full e-flex parallax_section_no qode_elementor_container_no e-con e-child\" data-id=\"8984a77\" data-element_type=\"container\" data-e-type=\"container\">\n\t\t\t\t<div class=\"elementor-element elementor-element-968e056 elementor-widget elementor-widget-image\" data-id=\"968e056\" data-element_type=\"widget\" data-e-type=\"widget\" data-widget_type=\"image.default\">\n\t\t\t\t<div class=\"elementor-widget-container\">\n\t\t\t\t\t\t\t\t\t\t\t\t\t\t\t\t<a href=\"https:\/\/i0.wp.com\/marviajes.com.py\/wp-content\/uploads\/2025\/01\/florianopolis-08dias.jpg\" data-elementor-open-lightbox=\"yes\" data-e-action-hash=\"#elementor-action%3Aaction%3Dlightbox%26settings%3DeyJpZCI6MTA4OCwidXJsIjoiaHR0cHM6XC9cL21hcnZpYWplcy5jb20ucHlcL3dwLWNvbnRlbnRcL3VwbG9hZHNcLzIwMjVcLzAxXC9mbG9yaWFub3BvbGlzLTA4ZGlhcy5qcGcifQ%3D%3D\">\n\t\t\t\t\t\t\t<img fetchpriority=\"high\" decoding=\"async\" width=\"212\" height=\"300\" src=\"https:\/\/i0.wp.com\/marviajes.com.py\/wp-content\/uploads\/2025\/01\/florianopolis-08dias.jpg?fit=212%2C300&amp;ssl=1\" class=\"attachment-medium size-medium wp-image-1088\" alt=\"Florianopolis Terrestre\" srcset=\"https:\/\/i0.wp.com\/marviajes.com.py\/wp-content\/uploads\/2025\/01\/florianopolis-08dias.jpg?w=1131&amp;ssl=1 1131w, https:\/\/i0.wp.com\/marviajes.com.py\/wp-content\/uploads\/2025\/01\/florianopolis-08dias.jpg?resize=212%2C300&amp;ssl=1 212w, https:\/\/i0.wp.com\/marviajes.com.py\/wp-content\/uploads\/2025\/01\/florianopolis-08dias.jpg?resize=724%2C1024&amp;ssl=1 724w, https:\/\/i0.wp.com\/marviajes.com.py\/wp-content\/uploads\/2025\/01\/florianopolis-08dias.jpg?resize=768%2C1086&amp;ssl=1 768w, https:\/\/i0.wp.com\/marviajes.com.py\/wp-content\/uploads\/2025\/01\/florianopolis-08dias.jpg?resize=1086%2C1536&amp;ssl=1 1086w, https:\/\/i0.wp.com\/marviajes.com.py\/wp-content\/uploads\/2025\/01\/florianopolis-08dias.jpg?resize=700%2C990&amp;ssl=1 700w\" sizes=\"(max-width: 212px) 100vw, 212px\" \/>\t\t\t\t\t\t\t\t<\/a>\n\t\t\t\t\t\t\t\t\t\t\t\t\t\t\t<\/div>\n\t\t\t\t<\/div>\n\t\t\t\t<\/div>\n\t\t<div class=\"elementor-element elementor-element-1f6a770 e-con-full e-flex parallax_section_no qode_elementor_container_no e-con e-child\" data-id=\"1f6a770\" data-element_type=\"container\" data-e-type=\"container\">\n\t\t\t\t<div class=\"elementor-element elementor-element-3a9683e elementor-widget elementor-widget-image\" data-id=\"3a9683e\" data-element_type=\"widget\" data-e-type=\"widget\" data-widget_type=\"image.default\">\n\t\t\t\t<div class=\"elementor-widget-container\">\n\t\t\t\t\t\t\t\t\t\t\t\t\t\t\t\t<a href=\"https:\/\/i0.wp.com\/marviajes.com.py\/wp-content\/uploads\/2025\/01\/camboriu-08-dias-2025.jpg\" data-elementor-open-lightbox=\"yes\" data-e-action-hash=\"#elementor-action%3Aaction%3Dlightbox%26settings%3DeyJpZCI6MTA4OSwidXJsIjoiaHR0cHM6XC9cL21hcnZpYWplcy5jb20ucHlcL3dwLWNvbnRlbnRcL3VwbG9hZHNcLzIwMjVcLzAxXC9jYW1ib3JpdS0wOC1kaWFzLTIwMjUuanBnIn0%3D\">\n\t\t\t\t\t\t\t<img decoding=\"async\" width=\"212\" height=\"300\" src=\"https:\/\/i0.wp.com\/marviajes.com.py\/wp-content\/uploads\/2025\/01\/camboriu-08-dias-2025.jpg?fit=212%2C300&amp;ssl=1\" class=\"attachment-medium size-medium wp-image-1089\" alt=\"Camboriu 08 dias 2025\" srcset=\"https:\/\/i0.wp.com\/marviajes.com.py\/wp-content\/uploads\/2025\/01\/camboriu-08-dias-2025.jpg?w=1131&amp;ssl=1 1131w, https:\/\/i0.wp.com\/marviajes.com.py\/wp-content\/uploads\/2025\/01\/camboriu-08-dias-2025.jpg?resize=212%2C300&amp;ssl=1 212w, https:\/\/i0.wp.com\/marviajes.com.py\/wp-content\/uploads\/2025\/01\/camboriu-08-dias-2025.jpg?resize=724%2C1024&amp;ssl=1 724w, https:\/\/i0.wp.com\/marviajes.com.py\/wp-content\/uploads\/2025\/01\/camboriu-08-dias-2025.jpg?resize=768%2C1086&amp;ssl=1 768w, https:\/\/i0.wp.com\/marviajes.com.py\/wp-content\/uploads\/2025\/01\/camboriu-08-dias-2025.jpg?resize=1086%2C1536&amp;ssl=1 1086w, https:\/\/i0.wp.com\/marviajes.com.py\/wp-content\/uploads\/2025\/01\/camboriu-08-dias-2025.jpg?resize=700%2C990&amp;ssl=1 700w\" sizes=\"(max-width: 212px) 100vw, 212px\" \/>\t\t\t\t\t\t\t\t<\/a>\n\t\t\t\t\t\t\t\t\t\t\t\t\t\t\t<\/div>\n\t\t\t\t<\/div>\n\t\t\t\t<\/div>\n\t\t\t\t\t<\/div>\n\t\t\t\t<\/div>\n\t\t<div class=\"elementor-element elementor-element-0f142d1 e-flex e-con-boxed parallax_section_no qode_elementor_container_no e-con e-parent\" data-id=\"0f142d1\" data-element_type=\"container\" data-e-type=\"container\">\n\t\t\t\t\t<div class=\"e-con-inner\">\n\t\t\t\t<div class=\"elementor-element elementor-element-51e85d9 elementor-widget elementor-widget-text-editor\" data-id=\"51e85d9\" data-element_type=\"widget\" data-e-type=\"widget\" data-widget_type=\"text-editor.default\">\n\t\t\t\t<div class=\"elementor-widget-container\">\n\t\t\t\t\t\t\t\t\t<p><a href=\"https:\/\/marviajes.com.py\/\">VOLVER AL INICIO<\/a><\/p>\t\t\t\t\t\t\t\t<\/div>\n\t\t\t\t<\/div>\n\t\t\t\t\t<\/div>\n\t\t\t\t<\/div>\n\t\t\t\t<\/div>\n\t\t","protected":false},"excerpt":{"rendered":"<p>tu pr\u00f3ximo viaje a las playas de BRASIL vi\u00eda Terrestre \ud83d\ude8c Viajar a las playas de Brasil es una experiencia inolvidable. Con nuestra agencia de viajes, te llevaremos a conocer algunas de las playas m\u00e1s hermosas y famosas de este maravilloso pa\u00eds. Desde las playas&#8230;<\/p>\n","protected":false},"author":1,"featured_media":744,"parent":743,"menu_order":0,"comment_status":"closed","ping_status":"closed","template":"","meta":{"footnotes":""},"class_list":["post-1077","page","type-page","status-publish","has-post-thumbnail","hentry"],"_links":{"self":[{"href":"https:\/\/marviajes.com.py\/index.php\/wp-json\/wp\/v2\/pages\/1077","targetHints":{"allow":["GET"]}}],"collection":[{"href":"https:\/\/marviajes.com.py\/index.php\/wp-json\/wp\/v2\/pages"}],"about":[{"href":"https:\/\/marviajes.com.py\/index.php\/wp-json\/wp\/v2\/types\/page"}],"author":[{"embeddable":true,"href":"https:\/\/marviajes.com.py\/index.php\/wp-json\/wp\/v2\/users\/1"}],"replies":[{"embeddable":true,"href":"https:\/\/marviajes.com.py\/index.php\/wp-json\/wp\/v2\/comments?post=1077"}],"version-history":[{"count":7,"href":"https:\/\/marviajes.com.py\/index.php\/wp-json\/wp\/v2\/pages\/1077\/revisions"}],"predecessor-version":[{"id":1187,"href":"https:\/\/marviajes.com.py\/index.php\/wp-json\/wp\/v2\/pages\/1077\/revisions\/1187"}],"up":[{"embeddable":true,"href":"https:\/\/marviajes.com.py\/index.php\/wp-json\/wp\/v2\/pages\/743"}],"wp:featuredmedia":[{"embeddable":true,"href":"https:\/\/marviajes.com.py\/index.php\/wp-json\/wp\/v2\/media\/744"}],"wp:attachment":[{"href":"https:\/\/marviajes.com.py\/index.php\/wp-json\/wp\/v2\/media?parent=1077"}],"curies":[{"name":"wp","href":"https:\/\/api.w.org\/{rel}","templated":true}]}}